{"id":165,"date":"2019-07-28T11:23:32","date_gmt":"2019-07-28T14:23:32","guid":{"rendered":"http:\/\/desejoesabor.com.br\/?page_id=165"},"modified":"2022-02-14T12:49:23","modified_gmt":"2022-02-14T15:49:23","slug":"ds","status":"publish","type":"page","link":"https:\/\/desejoesabor.com.br\/site\/ds\/","title":{"rendered":"D&#038;S"},"content":{"rendered":"<h2>CARINHOSAMENTE<br \/>\nDESEJO &amp; SABOR<\/h2>\n<p>A Desejo&amp;Sabor est\u00e1 situada na cidade de Franca-SP, h\u00e1 25 anos produzindo bombons e chocolates artesanais de alto n\u00edvel e de sabores inigual\u00e1veis.<\/p>\n<p>Hoje, com alto grau de aceita\u00e7\u00e3o no mercado, a Desejo&amp;Sabor ampliou sua \u00e1rea de atua\u00e7\u00e3o para v\u00e1rias regi\u00f5es situadas fora do estado de S\u00e3o Paulo, conta com outras 3 unidades pr\u00f3prias, uma em Ribeir\u00e3o Preto, que conta com uma infra-estrutura inigual\u00e1vel, outra unidade no Franca Shopping e a loja matriz, tamb\u00e9m na cidade de Franca, ambas possuem uma carta completa de doces, espa\u00e7o gourmet com bolos, tortas e caf\u00e9s especiais, al\u00e9m do tradicional Gelato Italiano, com buffet completo e totalmente personalizado em sobremesas para casamentos, anivers\u00e1rios, formaturas, eventos corporativos, entre outros, al\u00e9m de produtos tem\u00e1ticos como P\u00e1scoa, Natal e datas especiais.<\/p>\n<p>A Desejo&amp;Sabor preza pela qualidade dos produtos e servi\u00e7os oferecidos, por isso investe sempre na qualifica\u00e7\u00e3o profissional de seus colaboradores e na busca pelas melhores mat\u00e9rias primas e novidades.<\/p>\n","protected":false},"excerpt":{"rendered":"<p>CARINHOSAMENTE DESEJO &amp; SABOR A Desejo&amp;Sabor est\u00e1 situada na cidade de Franca-SP, h\u00e1 25 anos produzindo bombons e chocolates artesanais de alto n\u00edvel [&hellip;]<\/p>\n","protected":false},"author":1,"featured_media":849,"parent":0,"menu_order":0,"comment_status":"closed","ping_status":"closed","template":"page-desejo.php","meta":{"footnotes":""},"acf":[],"yoast_head":"<!-- This site is optimized with the Yoast SEO plugin v21.1 - https:\/\/yoast.com\/wordpress\/plugins\/seo\/ -->\n<title>D&amp;S - Desejo &amp; Sabor<\/title>\n<meta name=\"robots\" content=\"index, follow, max-snippet:-1, max-image-preview:large, max-video-preview:-1\" \/>\n<link rel=\"canonical\" href=\"https:\/\/desejoesabor.com.br\/site\/ds\/\" \/>\n<meta property=\"og:locale\" content=\"pt_BR\" \/>\n<meta property=\"og:type\" content=\"article\" \/>\n<meta property=\"og:title\" content=\"D&amp;S - Desejo &amp; Sabor\" \/>\n<meta property=\"og:description\" content=\"CARINHOSAMENTE DESEJO &amp; SABOR A Desejo&amp;Sabor est\u00e1 situada na cidade de Franca-SP, h\u00e1 25 anos produzindo bombons e chocolates artesanais de alto n\u00edvel [&hellip;]\" \/>\n<meta property=\"og:url\" content=\"https:\/\/desejoesabor.com.br\/site\/ds\/\" \/>\n<meta property=\"og:site_name\" content=\"Desejo &amp; Sabor\" \/>\n<meta property=\"article:modified_time\" content=\"2022-02-14T15:49:23+00:00\" \/>\n<meta property=\"og:image\" content=\"https:\/\/desejoesabor.com.br\/site\/wp-content\/uploads\/2019\/08\/banner_surpreenda_1920x422px.jpg\" \/>\n\t<meta property=\"og:image:width\" content=\"1920\" \/>\n\t<meta property=\"og:image:height\" content=\"422\" \/>\n\t<meta property=\"og:image:type\" content=\"image\/jpeg\" \/>\n<meta name=\"twitter:card\" content=\"summary_large_image\" \/>\n<meta name=\"twitter:label1\" content=\"Est. tempo de leitura\" \/>\n\t<meta name=\"twitter:data1\" content=\"1 minuto\" \/>\n<script type=\"application\/ld+json\" class=\"yoast-schema-graph\">{\"@context\":\"https:\/\/schema.org\",\"@graph\":[{\"@type\":\"WebPage\",\"@id\":\"https:\/\/desejoesabor.com.br\/site\/ds\/\",\"url\":\"https:\/\/desejoesabor.com.br\/site\/ds\/\",\"name\":\"D&S - Desejo &amp; Sabor\",\"isPartOf\":{\"@id\":\"https:\/\/desejoesabor.com.br\/site\/#website\"},\"datePublished\":\"2019-07-28T14:23:32+00:00\",\"dateModified\":\"2022-02-14T15:49:23+00:00\",\"breadcrumb\":{\"@id\":\"https:\/\/desejoesabor.com.br\/site\/ds\/#breadcrumb\"},\"inLanguage\":\"pt-BR\",\"potentialAction\":[{\"@type\":\"ReadAction\",\"target\":[\"https:\/\/desejoesabor.com.br\/site\/ds\/\"]}]},{\"@type\":\"BreadcrumbList\",\"@id\":\"https:\/\/desejoesabor.com.br\/site\/ds\/#breadcrumb\",\"itemListElement\":[{\"@type\":\"ListItem\",\"position\":1,\"name\":\"In\u00edcio\",\"item\":\"https:\/\/desejoesabor.com.br\/site\/\"},{\"@type\":\"ListItem\",\"position\":2,\"name\":\"D&#038;S\"}]},{\"@type\":\"WebSite\",\"@id\":\"https:\/\/desejoesabor.com.br\/site\/#website\",\"url\":\"https:\/\/desejoesabor.com.br\/site\/\",\"name\":\"Desejo &amp; Sabor\",\"description\":\"\",\"potentialAction\":[{\"@type\":\"SearchAction\",\"target\":{\"@type\":\"EntryPoint\",\"urlTemplate\":\"https:\/\/desejoesabor.com.br\/site\/?s={search_term_string}\"},\"query-input\":\"required name=search_term_string\"}],\"inLanguage\":\"pt-BR\"}]}<\/script>\n<!-- \/ Yoast SEO plugin. -->","yoast_head_json":{"title":"D&S - Desejo &amp; Sabor","robots":{"index":"index","follow":"follow","max-snippet":"max-snippet:-1","max-image-preview":"max-image-preview:large","max-video-preview":"max-video-preview:-1"},"canonical":"https:\/\/desejoesabor.com.br\/site\/ds\/","og_locale":"pt_BR","og_type":"article","og_title":"D&S - Desejo &amp; Sabor","og_description":"CARINHOSAMENTE DESEJO &amp; SABOR A Desejo&amp;Sabor est\u00e1 situada na cidade de Franca-SP, h\u00e1 25 anos produzindo bombons e chocolates artesanais de alto n\u00edvel [&hellip;]","og_url":"https:\/\/desejoesabor.com.br\/site\/ds\/","og_site_name":"Desejo &amp; Sabor","article_modified_time":"2022-02-14T15:49:23+00:00","og_image":[{"width":1920,"height":422,"url":"https:\/\/desejoesabor.com.br\/site\/wp-content\/uploads\/2019\/08\/banner_surpreenda_1920x422px.jpg","type":"image\/jpeg"}],"twitter_card":"summary_large_image","twitter_misc":{"Est. tempo de leitura":"1 minuto"},"schema":{"@context":"https:\/\/schema.org","@graph":[{"@type":"WebPage","@id":"https:\/\/desejoesabor.com.br\/site\/ds\/","url":"https:\/\/desejoesabor.com.br\/site\/ds\/","name":"D&S - Desejo &amp; Sabor","isPartOf":{"@id":"https:\/\/desejoesabor.com.br\/site\/#website"},"datePublished":"2019-07-28T14:23:32+00:00","dateModified":"2022-02-14T15:49:23+00:00","breadcrumb":{"@id":"https:\/\/desejoesabor.com.br\/site\/ds\/#breadcrumb"},"inLanguage":"pt-BR","potentialAction":[{"@type":"ReadAction","target":["https:\/\/desejoesabor.com.br\/site\/ds\/"]}]},{"@type":"BreadcrumbList","@id":"https:\/\/desejoesabor.com.br\/site\/ds\/#breadcrumb","itemListElement":[{"@type":"ListItem","position":1,"name":"In\u00edcio","item":"https:\/\/desejoesabor.com.br\/site\/"},{"@type":"ListItem","position":2,"name":"D&#038;S"}]},{"@type":"WebSite","@id":"https:\/\/desejoesabor.com.br\/site\/#website","url":"https:\/\/desejoesabor.com.br\/site\/","name":"Desejo &amp; Sabor","description":"","potentialAction":[{"@type":"SearchAction","target":{"@type":"EntryPoint","urlTemplate":"https:\/\/desejoesabor.com.br\/site\/?s={search_term_string}"},"query-input":"required name=search_term_string"}],"inLanguage":"pt-BR"}]}},"_links":{"self":[{"href":"https:\/\/desejoesabor.com.br\/site\/wp-json\/wp\/v2\/pages\/165"}],"collection":[{"href":"https:\/\/desejoesabor.com.br\/site\/wp-json\/wp\/v2\/pages"}],"about":[{"href":"https:\/\/desejoesabor.com.br\/site\/wp-json\/wp\/v2\/types\/page"}],"author":[{"embeddable":true,"href":"https:\/\/desejoesabor.com.br\/site\/wp-json\/wp\/v2\/users\/1"}],"replies":[{"embeddable":true,"href":"https:\/\/desejoesabor.com.br\/site\/wp-json\/wp\/v2\/comments?post=165"}],"version-history":[{"count":7,"href":"https:\/\/desejoesabor.com.br\/site\/wp-json\/wp\/v2\/pages\/165\/revisions"}],"predecessor-version":[{"id":1044,"href":"https:\/\/desejoesabor.com.br\/site\/wp-json\/wp\/v2\/pages\/165\/revisions\/1044"}],"wp:featuredmedia":[{"embeddable":true,"href":"https:\/\/desejoesabor.com.br\/site\/wp-json\/wp\/v2\/media\/849"}],"wp:attachment":[{"href":"https:\/\/desejoesabor.com.br\/site\/wp-json\/wp\/v2\/media?parent=165"}],"curies":[{"name":"wp","href":"https:\/\/api.w.org\/{rel}","templated":true}]}}